643023 a prime number?
False
Is 832211 a prime number?
True
Is 32964493 a composite number?
False
Is 38392357 prime?
True
Is 1741687 composite?
False
Is 48250903 prime?
True
Is 572627 a composite number?
True
Is 16828885 prime?
False
Is 863244691 prime?
False
Is 4577983 a prime number?
False
Is 56563315 a composite number?
True
Is 2315473 a prime number?
False
Is 3664771 a prime number?
False
Is 1630961 a prime number?
False
Is 3152147 composite?
False
Is 110046817 prime?
True
Is 3679601 a composite number?
False
Is 125690923 a composite number?
False
Is 3561773 a prime number?
True
Is 24271031 composite?
True
Is 168456037 a prime number?
False
Is 1009192511 prime?
True
Is 1673141 a composite number?
True
Is 15680879 a prime number?
True
Is 3028477 a prime number?
False
Is 62310449 composite?
False
Is 4739327 composite?
False
Is 6908149 composite?
False
Is 450068383 prime?
True
Is 21736607 composite?
True
Is 208877 prime?
True
Is 62492203 a composite number?
False
Is 98951 composite?
True
Is 22683301 prime?
True
Is 428191 a prime number?
False
Is 26174677 prime?
True
Is 607292693 prime?
False
Is 1668113 a composite number?
False
Is 173183 a composite number?
False
Is 46517613 a prime number?
False
Is 553411 a composite number?
False
Is 59168969 a composite number?
False
Is 2248699 prime?
True
Is 62293271 a composite number?
True
Is 65629651 a prime number?
False
Is 1043831 prime?
True
Is 4241507 composite?
False
Is 10789567 prime?
True
Is 25266737 prime?
True
Is 145129 a composite number?
True
Is 1470099967 a prime number?
False
Is 9683249 prime?
True
Is 30413743 a composite number?
False
Is 42702811 a prime number?
False
Is 37736969 composite?
False
Is 78058451 composite?
False
Is 9401099 a composite number?
False
Is 36051223 a composite number?
True
Is 3494713 composite?
True
Is 58613921 composite?
False
Is 4601083 composite?
True
Is 711121 a prime number?
True
Is 7480783 a prime number?
True
Is 46236401 prime?
False
Is 1801309 prime?
True
Is 75310219 a prime number?
True
Is 10066559 a prime number?
True
Is 49181933 a prime number?
False
Is 350869265 a prime number?
False
Is 119037823 a composite number?
False
Is 697156001 composite?
False
Is 144749531 a composite number?
False
Is 66678317 a prime number?
True
Is 2085794 composite?
True
Is 92276963 prime?
True
Is 211152691 a composite number?
True
Is 33630467 a composite number?
True
Is 7930031 a composite number?
False
Is 12534419 a prime number?
False
Is 2839061 prime?
False
Is 1154707 a prime number?
True
Is 94155427 prime?
False
Is 29953213 a prime number?
True
Is 32606373 composite?
True
Is 173632351 a prime number?
True
Is 72011587 composite?
False
Is 28333333 prime?
False
Is 84424349 a composite number?
False
Is 37315931 a prime number?
True
Is 2146129 prime?
False
Is 32929327 composite?
False
Is 183185146 a composite number?
True
Is 3145361 a prime number?
True
Is 16248319 prime?
False
Is 3529549 prime?
False
Is 2477107 prime?
True
Is 2036423 composite?
False
Is 83443333 prime?
False
Is 548043 a prime number?
False
Is 295153 a prime number?
True
Is 46941929 prime?
True
Is 98146981 composite?
False
Is 12671669 a prime number?
True
Is 10453697 prime?
True
Is 49168751 a composite number?
True
Is 3783259 a composite number?
True
Is 85280281 a prime number?
False
Is 2333689 composite?
False
Is 2604923 a prime number?
False
Is 7818257 a prime number?
False
Is 28501709 prime?
True
Is 22926253 a composite number?
True
Is 96575477 a composite number?
True
Is 40283423 composite?
False
Is 222069993 prime?
False
Is 163503166 prime?
False
Is 15857851 composite?
True
Is 144368569 a prime number?
True
Is 7415657 composite?
True
Is 87016639 a prime number?
True
Is 9277337 prime?
False
Is 12244991 a composite number?
True
Is 1581607 a prime number?
True
Is 8204003 a composite number?
False
Is 77805947 a prime number?
True
Is 297109 prime?
False
Is 2142377 composite?
False
Is 310211059 prime?
True
Is 50348093 prime?
True
Is 180959869 composite?
False
Is 7808129 prime?
False
Is 1473893 a prime number?
False
Is 79599239 a composite number?
False
Is 2908589 composite?
True
Is 10274191 a composite number?
True
Is 188425739 composite?
True
Is 3121133 a prime number?
False
Is 12634931 prime?
True
Is 3748597 a prime number?
True
Is 814623031 a prime number?
True
Is 22817897 composite?
False
Is 39259949 prime?
False
Is 1431347 a composite number?
False
Is 26621887 a composite number?
False
Is 120456709 a composite number?
False
Is 4389985 composite?
True
Is 2031545 prime?
False
Is 26314679 composite?
False
Is 134302435 a composite number?
True
Is 727961 a composite number?
True
Is 290509 a composite number?
False
Is 194580931 prime?
False
Is 7294489 prime?
False
Is 133109363 composite?
False
Is 5760886 a prime number?
False
Is 2063057 prime?
True
Is 223400902 a prime number?
False
Is 13694487 composite?
True
Is 255296523 prime?
False
Is 102218 composite?
True
Is 176805155 a prime number?
False
Is 3320129 prime?
True
Is 914064119 a prime number?
False
Is 23068849 composite?
False
Is 126442837 a composite number?
True
Is 25611613 composite?
False
Is 29717483 composite?
True
Is 29240311 a prime number?
False
Is 121528571 a prime number?
True
Is 501367 a prime number?
True
Is 4001279 a prime number?
False
Is 18114647 prime?
False
Is 573129749 prime?
False
Is 17848969 prime?
False
Is 26722373 a composite number?
True
Is 283123 composite?
True
Is 5663479 a prime number?
False
Is 487843 a composite number?
False
Is 34788707 prime?
False
Is 735808559 composite?
True
Is 6241 prime?
False
Is 1143137 composite?
True
Is 3049589 a composite number?
False
Is 699744607 a composite number?
False
Is 658330591 composite?
False
Is 5965607 composite?
True
Is 15195121 a prime number?
True
Is 9353569 a prime number?
True
Is 227848483 prime?
True
Is 89576719 a prime number?
False
Is 404899 prime?
False
Is 371108609 composite?
True
Is 103098551 a composite number?
False
Is 10814215 prime?
False
Is 33167699 prime?
True
Is 5270273 prime?
True
Is 458979537 a composite number?
True
Is 7632121 composite?
True
Is 17455783 a prime number?
True
Is 1810343 a composite number?
True
Is 4228457 a composite number?
False
Is 2905273 prime?
False
Is 15278051 prime?
True
Is 3286501 a prime number?
True
Is 90928105 a composite number?
True
Is 30582889 composite?
True
Is 18254387 composite?
True
Is 3972301 a prime number?
True
Is 22575421 a prime number?
False
Is 1227587 composite?
True
Is 4862731 prime?
False
Is 265407503 composite?
False
Is 34051541 composite?
False
Is 108184397 a composite number?
False
Is 1498729 composite?
False
Is 82249829 a prime number?
False
Is 19929509 a composite number?
False
Is 18497591 a prime number?
False
Is 200221 a prime number?
False
Is 1082703 a composite number?
True
Is 3388241 a prime number?
True
Is 15332843 a composite number?
True
Is 9335993 composite?
False
Is 274679 a prime number?
True
Is 18416963 prime?
False
Is 3239882 composite?
True
Is 17054281 prime?
False
Is 283123 a composite number?
True
Is 44892697 composite?
False
Is 396703 a prime number?
True
Is 23213623 a prime number?
True
Is 1105105 prime?
False
Is 2716843 composite?
False
Is 38675023 composite?
False
Is 345542599 a prime number?
True
Is 5534959 a prime number?
False
Is 369319 composite?
False
Is 82637423 a prime number?
False
Is 14926897 a composite number?
False
Is 455149 a composite number?
False
Is 755057 a prime number?
True
Is 160625471 composite?
True
Is 1047343 a composite number?
True
Is 145255147 prime?
True
Is 20586913 a prime number?
True
Is 19689477 composite?
True
Is 1576933 prime?
False
Is 58403 a composite number?
False
Is 6179543 composite?
True
Is 1463447 prime?
True
Is 83223419 a prime number?
False
Is 8971049 composite?
False
Is 20598239 prime?
True
Is 360383131 prime?
True
Is 77573051 prime?
False
Is 3312683 prime?
False
Is 505049 a prime number?
True
Is 5851367 a composite number?
False
Is 4006855 a prime number?
False
Is 1121539 a composite number?
False
Is 120032641 prime?
True
Is 343147279 prime?
True
Is 10478339 prime?
False
Is 37692583 composite?
True
Is 11789759 composite?
True
Is 4607483 prime?
True
Is 72922307 a prime number?
True
Is 2052443 a composite number?
True
Is 9891319 a composite number?
False
Is 3